er?
True
Is 34053 a prime number?
False
Is 3691 prime?
True
Is 513985 a composite number?
True
Is 32083 a composite number?
False
Is 701789 prime?
False
Is 53893 prime?
False
Is 406859 composite?
False
Is 9469 a prime number?
False
Is 629 a composite number?
True
Is 303323 prime?
True
Is 21767 prime?
True
Is 110991 a composite number?
True
Is 8903 a prime number?
False
Is 24169 composite?
False
Is 1499 prime?
True
Is 42061 a prime number?
True
Is 91837 composite?
False
Is 13001 prime?
True
Is 398089 composite?
True
Is 2160061 a prime number?
True
Is 2129 a composite number?
False
Is 933199 prime?
True
Is 59933 a composite number?
True
Is 49739 composite?
False
Is 47569 a prime number?
True
Is 11945 prime?
False
Is 80621 a composite number?
False
Is 29509 a prime number?
False
Is 2342 prime?
False
Is 39115 a prime number?
False
Is 21833 a composite number?
True
Is 96863 a composite number?
True
Is 2175819 composite?
True
Is 12637 a prime number?
True
Is 73259 a prime number?
True
Is 787 a prime number?
True
Is 6163 a prime number?
True
Is 2993 composite?
True
Is 1140803 prime?
True
Is 126173 prime?
True
Is 6121 prime?
True
Is 229315 composite?
True
Is 11545 a composite number?
True
Is 302111 prime?
True
Is 924007 prime?
False
Is 2107529 a prime number?
True
Is 380909 a composite number?
False
Is 9913 a composite number?
True
Is 411523 prime?
False
Is 26191 prime?
False
Is 288593 a prime number?
False
Is 50763 composite?
True
Is 9181 composite?
False
Is 22049 prime?
False
Is 53393 prime?
False
Is 117879 composite?
True
Is 28687 composite?
False
Is 72395 a composite number?
True
Is 81761 a composite number?
False
Is 631 a prime number?
True
Is 24133 composite?
False
Is 6119 prime?
False
Is 934109 a composite number?
True
Is 37405 a composite number?
True
Is 13891 a composite number?
True
Is 1079173 a composite number?
False
Is 2689729 composite?
True
Is 732047 composite?
True
Is 8735 a composite number?
True
Is 45159 a prime number?
False
Is 123479 composite?
False
Is 57881 a prime number?
True
Is 28277 a composite number?
False
Is 69863 a composite number?
True
Is 78159 a prime number?
False
Is 53765 a composite number?
True
Is 23713 a prime number?
False
Is 316493 a composite number?
False
Is 148991 a prime number?
True
Is 29699 a prime number?
False
Is 2459 prime?
True
Is 56489 composite?
False
Is 8637 prime?
False
Is 245285 prime?
False
Is 27007 a prime number?
False
Is 13267 a prime number?
True
Is 13501 a prime number?
False
Is 106411 prime?
True
Is 40253 a prime number?
True
Is 904997 a prime number?
True
Is 33265 composite?
True
Is 36037 a prime number?
True
Is 13799 composite?
False
Is 451985 a prime number?
False
Is 4741 a prime number?
False
Is 72299 a composite number?
True
Is 25013 composite?
False
Is 12323 composite?
False
Is 1923 prime?
False
Is 47339 prime?
True
Is 30631 composite?
False
Is 931487 composite?
False
Is 37451 composite?
True
Is 112323 prime?
False
Is 1048919 a prime number?
True
Is 20209 a composite number?
True
Is 53491 a composite number?
True
Is 495227 a prime number?
False
Is 3052765 a composite number?
True
Is 56963 a composite number?
False
Is 27663 a prime number?
False
Is 2337119 composite?
False
Is 1561 prime?
False
Is 48007 a composite number?
True
Is 3473 composite?
True
Is 388459 composite?
False
Is 2136791 prime?
False
Is 9677 prime?
True
Is 4447 a prime number?
True
Is 896837 a composite number?
False
Is 85979 a composite number?
True
Is 21389 a composite number?
True
Is 24526 a composite number?
True
Is 7069 a composite number?
False
Is 201 a prime number?
False
Is 19771 a prime number?
False
Is 256117 a prime number?
True
Is 4037 a prime number?
False
Is 1460573 a composite number?
True
Is 210439 a prime number?
False
Is 1046861 a prime number?
False
Is 12778 composite?
True
Is 73841 composite?
True
Is 59069 a prime number?
True
Is 4681 composite?
True
Is 133919 a composite number?
False
Is 30259 a composite number?
False
Is 5137 a composite number?
True
Is 13591 prime?
True
Is 141481 composite?
False
Is 34403 a prime number?
True
Is 8941 composite?
False
Is 2789 prime?
True
Is 795913 composite?
False
Is 812213 prime?
True
Is 15053 a prime number?
True
Is 1883 a prime number?
False
Is 750487 a prime number?
True
Is 23227 a prime number?
True
Is 3831 composite?
True
Is 14281 prime?
True
Is 117347 composite?
True
Is 360627 a composite number?
True
Is 8641 a prime number?
True
Is 1943 a composite number?
True
Is 102761 a composite number?
False
Is 27847 composite?
False
Is 337357 composite?
True
Is 1572845 prime?
False
Is 14777 a prime number?
False
Is 84641 a composite number?
True
Is 235811 prime?
True
Is 97327 prime?
True
Is 93037 composite?
True
Is 447091 composite?
True
Is 1247 composite?
True
Is 175463 composite?
False
Is 432889 prime?
False
Is 275203 composite?
True
Is 270118 a composite number?
True
Is 15967 composite?
True
Is 97683 composite?
True
Is 62261 a composite number?
True
Is 929001 composite?
True
Is 9587 a composite number?
False
Is 1020683 a composite number?
False
Is 729427 composite?
True
Is 72811 prime?
False
Is 17257 a prime number?
True
Is 185323 composite?
False
Is 590713 composite?
False
Is 618377 composite?
False
Is 63937 a prime number?
False
Is 75269 composite?
False
Is 217409 composite?
False
Is 92887 prime?
False
Is 2503 a composite number?
False
Is 38509 prime?
False
Is 12761 a composite number?
True
Is 9529 a prime number?
False
Is 100649 a prime number?
True
Is 67313 composite?
True
Is 2028387 prime?
False
Is 419605 prime?
False
Is 19661 prime?
True
Is 3883699 composite?
False
Is 659429 a prime number?
False
Is 57221 a prime number?
True
Is 5261 prime?
True
Is 126151 a composite number?
False
Is 14263 prime?
False
Is 135067 a composite number?
True
Is 382331 composite?
False
Is 415 a prime number?
False
Is 63887 a composite number?
True
Is 3602517 a composite number?
True
Is 11953 prime?
True
Is 90877 composite?
True
Is 537958 prime?
False
Is 4211 a prime number?
True
Is 506327 a prime number?
True
Is 425767 a prime number?
False
Is 12539 composite?
False
Is 4391 composite?
False
Is 628777 a composite number?
True
Is 431285 a prime number?
False
Is 28043 composite?
True
Is 212519 a prime number?
False
Is 826921 prime?
True
Is 197117 prime?
True
Is 1094 composite?
True
Is 697 a prime number?
False
Is 211997 a composite number?
False
Is 1471 prime?
True
Is 29123 prime?
True
Is 505919 composite?
False
Is 124199 composite?
False
Is 71871 prime?
False
Is 31 a composite number?
False
Is 237101 prime?
False
Is 10819 composite?
True
Is 3817 prime?
False
Is 1322591 a composite number?
False
Is 1973 prime?
True
Is 84451 prime?
False
Is 157103 a composite number?
False
Is 348977 a prime number?
False
Is 25078 prime?
False
Is 64706 a prime number?
False
Is 13493 prime?
False
Is 22807 composite?
False
Is 13073 a prime number?
False
Is 4857 composite?
True
Is 90547 composite?
False
Is 907 a composite number?
False
Is 15727 a prime number?
True
Is 21635 a composite number?
True
Is 3266423 a composite number?
True
Is 12197 prime?
True
Is 18287 a prime number?
True
Is 552277 a prime number?
False
Is 1589177 prime?
False
Is 4699 a composite number?
True
Is 115559 composite?
True
Is 1044691 composite?
True
Is 45817 a prime number?
True
Is 470711 a composite number?
False
Is 253901 composite?
False
Is 27899 composite?
True
Is 160139 a prime number?
False
Is 154571 prime?
True
Is 1204023 composite?
True
Is 2566 a composite number?
True
Is 6469 composite?
False
Is 37717 prime?
True
Is 59403 a prime number?
False
Is 136153 composite?
True
Is 25339 composite?
False
Is 5498 composite?
True
Is 4259 composite?
False
Is 26231 prime?
False
Is 383543 composite?
True
Is 39133 composite?
False
Is 6073 composite?
False
Is 4987 composite?
False
Is 1151 composite?
False
Is 7213601 prime?
True
Is 1001467 prime?
True
Is 10319 a prime number?
False
Is 324289 a composite number?
True
Is 3613 a prime number?
True
Is 7079 prime?
True
Is 858983 prime?
False
Is 111029 a prime number?
True
Is 2701 a prime number?
False
Is 8263 prime?
True
Is 2719 prime?
True
Is 775121 a prime number?
True
Is 28277 a prime number?
True
Is 254803 prime?
True
Is 7439 a composite number?
True
Is 187963 a composite number?
False
